mainder when o is divided by 4.
0
Suppose 3*i - 4*v = -v + 528, -i = v - 186. Suppose 64 = 3*h + i. Let n = h - -62. What is the remainder when n is divided by 12?
11
Suppose 0 = 2*u - 7*u + 65. Let h(x) = -x**2 - 6*x - 3. Suppose -g = -2*r + 5*r + 1, 4*g = -r - 15. Calculate the remainder when u is divided by h(g).
3
Let p(o) = 2*o**2 + 2*o - 1. Suppose -6*b = -3*b - 15. Calculate the remainder when b is divided by p(1).
2
Let i be (-2)/(-9) - 4424/63. What is the remainder when (-303)/(-7) - (-4)/(-14) is divided by 4/14 - 1030/i?
13
Let v(b) = -8*b - 25. Let i(a) = 3*a + 8. Let g(o) = -11*i(o) - 4*v(o). Let w = 19 + -5. Calculate the remainder when w is divided by g(7).
4
Let m = -41 + 77. Calculate the remainder when m is divided by 13.
10
Let k(w) = w**2 + 5*w. Suppose 0 = 3*v - 3*c + 21, 0*v - 12 = -4*v - 4*c. What is the remainder when k(-6) is divided by v/3 + (-42)/(-9)?
2
Calculate the remainder when 34/6*(1 - 14/(-7)) is divided by 10.
7
Suppose -5*o + 50 = -10. Let x(u) = 2*u**2 - 4*u + 3. Calculate the remainder when x(5) is divided by o.
9
Suppose j + 4*o - 21 = 0, -2*o - 15 = -j - 0*o. Suppose -5*d + 2*k = -55, 45 + 5 = 5*d - k. What is the remainder when j is divided by d?
8
Let u = 38 + -57. What is the remainder when 1/2*6 - u is divided by 6?
4
Let z(d) = -d**3 + 6*d**2 + 7. Let i be z(6). Suppose -2*y + i = -49. Calculate the remainder when y is divided by 0 - (0/(-2) - 15).
13
Suppose -3*q - 2 = 1, 0 = -5*w + 3*q + 393. What is the remainder when w is divided by 20?
18
Let g(k) = -55*k**3 + 2*k**2 - 1. Let z be g(1). Let w = -107 + 197. Let l = w + z. What is the remainder when l is divided by 19?
17
Suppose -35 = -2*j + c, -5*c = 4*j - 44 - 47. What is the remainder when 55 is divided by j?
17
Suppose f + 108 = 3*f + q, -5*f + q = -263. Let t(x) = -8*x. Let i be t(-2). Let k = i + 2. Calculate the remainder when f is divided by k.
17
Suppose c - 5*z = 148, -4*c - z = -5*z - 512. Suppose -44 = -v + n, 2*v = 4*v + 5*n - c. What is the remainder when v is divided by 13?
10
Let r(z) = 6*z - 1. What is the remainder when r(2) is divided by 3?
2
Let d = -1 - -9. Let f(m) = -m**2 + 12*m - 7. What is the remainder when f(d) is divided by (-37)/(-4) - (-1)/(-4)?
7
Suppose 0 = -p - d - 0 + 10, 37 = 4*p + 3*d. What is the remainder when 20 is divided by p?
6
Suppose 0*n - 31 = n + 4*v, 2*n = -v - 27. Let i = n + 23. What is the remainder when 28 is divided by (-8)/i + (-32)/(-3)?
8
Let l = -12 - -10. What is the remainder when 12 is divided by -1 + 4 + (-8)/l?
5
Let i = 1 - -6. Let c = 11 - i. Suppose -2*d + 0 + 4 = 0. What is the remainder when c is divided by d?
0
Let z(r) = r**2. What is the remainder when z(-7) is divided by 18?
13
Suppose 2*x - 4*x = -24. Let q = 19 - 12. What is the remainder when x is divided by q?
5
Let b(d) = 2*d**2 + 10*d - 2. Let y(j) = -3*j**2 - 11*j + 3. Let n(i) = 4*b(i) + 3*y(i). What is the remainder when 2 is divided by n(7)?
0
Suppose 38 = 2*h - 22. Calculate the remainder when h is divided by 8.
6
What is the remainder when 25 is divided by (-3)/(10/6 + -2)?
7
Let k(f) = -f**3 - 6*f**2 + f + 3. What is the remainder when k(-7) is divided by 16?
13
Suppose 10*l - 490 = -4*l. Calculate the remainder when 209 is divided by l.
34
Let r = -11 - -40. Calculate the remainder when r is divided by 15.
14
Let r = -16 - -38. Let v(i) = -13*i - 9. Calculate the remainder when v(-4) is divided by r.
21
Let q(c) = 13*c**2 - 2*c - 1. Let x = -8 - -7. What is the remainder when 41 is divided by q(x)?
13
Suppose 3*n + 7 = -2. Let u = -2 - n. What is the remainder when (4/(-8)*-4)/2 is divided by u?
0
Let c(g) = 4*g**2 + 8*g - 15. Suppose 59 = -5*r - 3*t - 16, -5*r = -4*t + 40. Let h be c(r). What is the remainder when h/6 - 1/2 is divided by 26?
25
Calculate the remainder when 42 is divided by -1*(25/(-5) - 4).
6
Let a(h) = h + 2. Let u be a(-2). Let d(w) = -w - 4*w + 0 - 5 + u*w. What is the remainder when 59 is divided by d(-5)?
19
Let o(w) = -w**3 + 4*w**2 - 3*w + 2. Let b be o(3). Suppose 2*p + b*h = 18, -p + 4*h + 27 = -h. What is the remainder when 33 is divided by p?
9
Suppose -2*x - x = 0. Suppose u = 14 - x. Calculate the remainder when u is divided by 8.
6
Let h(v) = 10*v + 5. Let t be h(4). Suppose 0 = -7*g + 4*g + t. What is the remainder when g is divided by 8?
7
Let u be 80/6 + 8/12. Let l = -2 + u. Calculate the remainder when l is divided by 7.
5
Calculate the remainder when 66 is divided by 1/3 - (-606)/18.
32
Suppose b = -2*b - 420. Let j(f) = f**3 - 11*f**2 + f + 4. What is the remainder when j(11) is divided by 2/9 + b/(-18)?
7
Suppose -2*v - i + 17 = 0, -7*i - 9 = -4*i. Calculate the remainder when v is divided by 4.
2
Let s(h) = 4*h + 7. Calculate the remainder when s(8) is divided by 20.
19
Let k = -8 - -4. Let r = 2 + k. Let q = 7 + r. What is the remainder when q is divided by 3?
2
Let u(l) = -l + 10. Let t be u(8). Let k(y) = 2*y**3 - y + 1. What is the remainder when k(t) is divided by 9?
6
Let c(x) = 3*x - 2. Let a(r) = -4*r - 36. Calculate the remainder when a(-12) is divided by c(3).
5
Suppose 5*c - 14 = 36. Let l = 4 + 2. What is the remainder when c is divided by l?
4
Let o(t) = t - 7. Let q be o(9). Suppose -52 + 6 = -q*r. Calculate the remainder when r is divided by 12.
11
Suppose 0 = -5*x + 9 + 86. Let k be (-2)/(-3) - (-184)/3. What is the remainder when x is divided by k/6 + 2/(-6)?
9
Let k = 314 + -213. Suppose u - 23 = 4*p - 2*p, -5*u - 4*p = -k. Let i = 32 - 21. What is the remainder when u is divided by i?
10
Let q = 16 + -10. What is the remainder when 21 is divided by q?
3
Let k(g) = -2*g**2 - 8*g + 16. Calculate the remainder when 29 is divided by k(-5).
5
Suppose 9 = 3*t + 2*n, -5*n = -0*n. Suppose 0*y = -t*y + 6. Let h(p) = 5*p + 2. Calculate the remainder when h(y) is divided by 5.
2
Suppose -4*g + 1 = -5*g, 5*g - 45 = -5*q. What is the remainder when 39 is divided by q?
9
What is the remainder when 114 is divided by (1 - 4/3) + 2596/66?
36
Suppose q + 2*l + 4 - 5 = 0, -2*l = 4*q - 10. Calculate the remainder when 9 is divided by (q/4*4)/1.
0
Let u(z) = -z**3 + 8*z**2 - 5*z + 5. Calculate the remainder when u(5) is divided by 19.
17
Calculate the remainder when 103 is divided by ((-140)/60)/(2/(-18)).
19
Let k(f) = -f**2 - 7*f - 4. Let d be k(-3). Suppose 0 = -2*r - 2*p - 8, -24 - 8 = 4*r - 4*p. Let s = d + r. Calculate the remainder when 5 is divided by s.
1
Suppose 0*u - 4*u - 4*x - 12 = 0, -2*u - 3*x = 9. Suppose -2*c - c + 102 = u. Let h = -27 + 45. What is the remainder when c is divided by h?
16
Suppose 6*x - 2*x - 72 = 0. Let s = -5 - -4. What is the remainder when x is divided by (s/2)/(3/(-60))?
8
Let t(y) = -y**2 - 19*y - 59. What is the remainder when 75 is divided by t(-14)?
9
Let c(a) = -a**3 + 12*a**2 - 12*a + 17. Let h be c(12). Let z = 194 + h. What is the remainder when z is divided by 17?
16
Let w = -4 + 4. Suppose w = -3*z - 0*z + 24. Calculate the remainder when 29 is divided by z.
5
Let j = 13 - 9. Suppose -3*l - j*m + 22 = -l, 3*l = -m + 18. Calculate the remainder when 17 is divided by l.
2
Let t = 4 - -8. Suppose 7*o = t*o - 190. Calculate the remainder when o is divided by 13.
12
Let q(h) = h**3 - 5*h**2 - h + 8. Calculate the remainder when 7 is divided by q(5).
1
Suppose 3*v + 1 = -11. Let y(m) = 4*m**2 + 5*m - 3. Let i be y(v). Suppose -2*z + 53 = -i. Calculate the remainder when z is divided by 16.
15
Suppose t = -5*v + 25, 3*t + 10 = 2*t + 2*v. Suppose 3*h - 26 = d + 3*d, -h - 3*d = t. What is the remainder when 117/7 + (-6)/(-21) is divided by h?
5
Let y(b) = 2*b**2 - 3*b + 1. Suppose 0 = 5*r - 8 - 2. What is the remainder when y(r) is divided by 2?
1
Let b(w) = w - 1. What is the remainder when b(4) is divided by 1?
0
Suppose -2*r = 10, q - 73 = 7*r - 5*r. Calculate the remainder when q is divided by (1 + -14)/(-1 - 0).
11
Let m(t) = 9*t + 1. Let o(a) = -a**2 - 6*a + 10. What is the remainder when m(2) is divided by o(-6)?
9
Let r be ((-108)/21)/(1/(-7)). Let x = r - 17. Suppose 2*l + 0 - 10 = 0. Calculate the remainder when x is divided by l.
4
Let w(s) = s**3 - 11*s**2 + 10*s + 4. Calculate the remainder when 15 is divided by w(10).
3
Let y = 1 + 0. Let x = y + 12. Let g = x + 6. Calculate the remainder when g is divided by 7.
5
